et m be y(6). Let o = -6 - m. Calculate the greatest common divisor of o and z.
16
Let z = 60580 + -35444. What is the greatest common divisor of z and 16?
16
Let b(x) = 5*x**3 - 3*x**2 - 2*x - 1. Let j be b(5). Let a be (1 + 4)*12/12 + 44. What is the greatest common divisor of j and a?
49
Let a(u) = -11*u - 544. Let v be a(-50). Let p(n) = -n**2 + 8. Suppose 3*i = 5*i. Let x be p(i). Calculate the greatest common divisor of v and x.
2
Let r be (-2*(-41475)/(-84))/(2/(-4)). Calculate the greatest common factor of 200 and r.
25
Suppose -15*z + 5589 = -4941. Calculate the greatest common factor of z and 26.
26
Let a be (-3036)/(-15) - (-304)/190. Calculate the greatest common factor of 629 and a.
17
Let k(w) = w**2 + 14*w + 24. Let i be k(-10). Let p(a) = -a**3 - 16*a**2 + 22. Let o be p(i). Calculate the greatest common factor of 198 and o.
22
Let s = -4309 + 4954. What is the greatest common divisor of 5 and s?
5
Suppose -4*z = -2*w - 4534, -5*z - 5*w = 181 - 5856. What is the greatest common factor of z and 1323?
189
Suppose 104*t = 53*t + 714. What is the highest common factor of 26 and t?
2
Let v(x) = 393*x - 327. Let s be v(2). Calculate the highest common factor of s and 108.
27
Let r = 444 + -492. Let j be -2*r/(-14)*-133. Calculate the greatest common factor of 48 and j.
48
Let j(l) = 2*l**2 - 18*l - 72. Let k be j(11). Let v be 255/(-119)*k/2. Calculate the greatest common factor of v and 1200.
30
Let s be (-119)/(-13) + 2*(-8)/104. Calculate the highest common factor of 333 and s.
9
Let z = -886 - -974. Suppose -3*x + 4*p + 668 = 0, 2*x - 5*p + 0*p = 450. What is the greatest common divisor of z and x?
44
Suppose -2*d + 5*f + 121 = 0, 5*d - 2*f = 132 + 160. Let x = d - 30. Calculate the highest common divisor of 35 and x.
7
Let w(c) = -c**2 - 8*c - 30. Let t be w(-10). Let r be (54 - (0 + 2))/((-20)/t). What is the greatest common divisor of r and 104?
26
Let m = 414 - -62. Let k = 13631 - 13597. What is the greatest common divisor of m and k?
34
Suppose 113 = 42*l + 71. Suppose 0 = -3*q + 3, -3*g + 10 = q. Calculate the greatest common factor of l and g.
1
Suppose t = 2*f + 12, -2*f = -t + 2*f + 12. Let s = -86 + 128. Let d be (2/(-5))/(s/(-13860)). What is the highest common factor of d and t?
12
Suppose -5*k = -2*v - 66, 8*k + 2*v = 5*k + 30. Let p = -12 - -14. Suppose 5*a = 2*l + a - 28, -4*l = -p*a - 38. What is the highest common factor of k and l?
4
Let d(p) = -2*p - 16 - 16 + 14. Let z be d(-10). Calculate the highest common divisor of 22 and z.
2
Let f = 903 + -900. Suppose -f*p + 454 = -5*j, -p = 4*p - 2*j - 744. Calculate the highest common factor of 4 and p.
4
Suppose 5*r + 7290 = 35*r. Let j = -969 - -978. Calculate the greatest common divisor of j and r.
9
Suppose -753 = 17*d - 14761. Calculate the greatest common divisor of 16 and d.
8
Let p = 19834 + -19500. Calculate the greatest common divisor of p and 8.
2
Let o = -131 - -115. Let j = 26 + o. Let m be 362/12 + 5/(-30). Calculate the highest common divisor of m and j.
10
Let h(i) = i**2 + 27*i - 1. Let m be h(-21). Let b = m - -45. Let d = -75 - b. Calculate the highest common factor of 7 and d.
7
Suppose 17*p - 194 = -24. Suppose -13*m + 93 = -p*m. Calculate the highest common divisor of 93 and m.
31
Suppose 3*o + 18 = 6*o. Let w = 1943 + -1940. Suppose o*i - 27 + w = 0. What is the greatest common divisor of i and 64?
4
Let m be (3 - (-1 - 2)) + 3. Let t = 25 + -11. Suppose -t + 149 = 5*r. What is the greatest common factor of m and r?
9
Suppose 4*c - 20 = 0, -2*s = -s + 5*c - 165. What is the greatest common factor of s and 56?
28
Let w(j) = -143*j + 3015. Let l be w(21). Calculate the greatest common factor of 548 and l.
4
Let j be (-116)/(-12) - (833/51)/(-7). Let r(i) = -4*i - 2. Let y be r(-6). Suppose 2*h = 14 + y. What is the highest common factor of j and h?
6
Suppose -4*c + 59 - 13 = -5*g, 0 = 4*g + 8. Let r be (c/27)/(3/18). Calculate the greatest common divisor of r and 94.
2
Let l be (20 - -1687) + (-3)/(-3) + 8. Calculate the greatest common factor of l and 780.
156
Let u(d) = 6*d + 40. Let a be u(12). Let q = -33 - -18. Let m = -1 - q. What is the highest common divisor of m and a?
14
Let t be (-171)/(-4*16/2048). What is the highest common divisor of t and 27?
9
Let s = -32 + 74. Suppose 9*w = s + 30. What is the highest common divisor of 1 and w?
1
Let f(u) = 4*u**2 - 38*u + 18. Let j be f(9). Let m be (35 + -53)*(1/(-2) + j). Calculate the greatest common factor of m and 117.
9
Suppose 4*b + 5*y - 72 = 102, b - 2*y - 50 = 0. Calculate the greatest common divisor of b and 14.
2
Let f = 9 + 3. Suppose 0 = -4*z - 12, 3*z - 2*z = -5*y + f. Let o = -17343 - -17367. What is the highest common divisor of o and y?
3
Suppose 3*o + 2*o = 15. Let g(b) = b**3 + 5*b**2 - 13*b + 26. Let h be g(o). What is the greatest common divisor of h and 767?
59
Let c(i) = -i**3 + 21*i**2 + 10*i + 369. Let q be c(19). What is the greatest common factor of q and 168?
21
Suppose -228*r - 18900 = -238*r. Calculate the highest common divisor of r and 1680.
210
Let d(u) = -4*u - 15. Let m be d(-6). Let j(k) = k**2 + 14 - m*k - 8*k + 13*k - 6*k. Let l be j(11). Calculate the greatest common divisor of l and 225.
25
Let b = -1527 - -2745. Calculate the highest common factor of b and 522.
174
Let s be 102 + 1047 + ((-12)/3 - -7). What is the greatest common divisor of s and 198?
18
Let a = 191 - 31. Suppose -n = 47 - 42, 100 = 2*v - 4*n. Calculate the greatest common factor of a and v.
40
Suppose -3*u + 46 = 2*q - 2*u, -4*u + 46 = 2*q. Let s(o) = 3*o - 1 - 38 + 3*o**2 - 2*o**2. Let m be s(-14). Calculate the highest common divisor of m and q.
23
Let z = 19 - 12. Let x(t) = t**3 - 10*t**2 + 8*t + 11. Let n be x(9). Suppose j + 41 = o + 2*j, 2 = -n*j. Calculate the greatest common divisor of o and z.
7
Let t be -16 + (-3146)/(-198) - ((-298)/9 - 1). Calculate the highest common factor of 11254 and t.
34
Suppose -s - 236 + 238 = 0. Suppose 0 = 4*m - 2*x - 106, 2*x - 52 = -3*m - s*x. What is the highest common factor of 552 and m?
24
Let j(z) = z**3 + 15*z**2 - 16*z - 37. Let i be (-2)/9 + (-1463)/99. Let n be j(i). Suppose 7*v - 116 = 3*v. What is the greatest common factor of n and v?
29
Suppose 18*x = 47*x - 5858. What is the highest common divisor of x and 4545?
101
Let p = -71 - -69. Let t be ((-10)/5)/(p/(3 + 1)). What is the greatest common divisor of t and 212?
4
Let h be -4 + 10*294/35. Let x be 128/h*(-45)/(-4). What is the greatest common factor of x and 1098?
18
Let j = -300 - -321. Suppose 6 = d - 25*o + j*o, 0 = 3*d + 4*o - 18. What is the highest common divisor of 54 and d?
6
Let q(w) = 17*w**2 + 2*w - 20. Let k be q(-5). Suppose -5*u = 5*p - k, -p = -12*u + 11*u - 89. Calculate the highest common factor of p and 60.
12
Suppose 0 = -3*c - 2*y + 2374, -35*y + 791 = c - 34*y. What is the greatest common divisor of c and 1089?
99
Suppose 5*k + 17 = -2*v - 2, -2*v = 3*k + 13. Let m(i) = -3*i - 2*i**2 - 12*i**3 + 4 + 7*i + 1. Let s be m(v). Calculate the greatest common factor of 34 and s.
17
Let r = 33 + -5. Let p be 1/(-4 + (-90)/(-22)). Let u(n) = n**2 - 9*n + 48. Let v be u(p). Calculate the highest common factor of v and r.
14
Let l be 825/105 + 1*(-1)/(-7). Suppose 2*c - t = -6, -c - 16 = 2*c - 5*t. Let q = c + 22. What is the highest common divisor of q and l?
4
Suppose -41*i - 15*i + 7000 = 0. What is the highest common divisor of 5375 and i?
125
Let s be (-22)/((-1 - -2) + -4 + (-26)/(-10)). Calculate the highest common factor of s and 297.
11
Suppose -5*s = -2*y - 25, 85 = -0*y - 3*y - 2*s. Let b be 214/10 - (-10)/y. Let f = b - 2. What is the greatest common divisor of f and 95?
19
Suppose v + 307 - 315 = -2*j, -5*j = 20. Let o be 4/10 + 48/5. Suppose -5*y = 4*f - 68, -5*f - o = -2*y + 37. Calculate the greatest common factor of y and v.
16
Let d(c) = -c**3 + 49*c**2 - 116*c + 679. Let x be d(44). Calculate the highest common factor of 5 and x.
5
Let l be (12320/(-3696))/(20/(-126)). Suppose -g + 72 = -0*g - 3*d, -3*g + 264 = 3*d. Calculate the highest common factor of g and l.
21
Suppose -17*u + 192 = -13*u. Let i be 32/6*u/4. Calculate the greatest common factor of 352 and i.
32
Suppose 0 = -2*x + 5*x - 2*q + 551, x - 2*q = -185. Let f = -175 - x. What is th